= u. Calculate the highest common factor of 69 and u.
23
Suppose 5*y + 0 = 5*w - 5, 1 = w. Suppose 4*c - 4 = -y*c. What is the greatest common factor of c and 9?
1
Suppose 5*h = -3*i + 1514, -5*h + 3*i = -4*h - 310. Let b = -91 + h. Suppose 57 + b = 5*q. Calculate the highest common divisor of 9 and q.
9
Let s(d) = 5*d**2 + 2. Let f(h) = -4*h**2 - 1. Let x(a) = 3*f(a) + 2*s(a). Let y be x(1). Let o = y + 7. Calculate the highest common factor of 18 and o.
6
Suppose 0 = 5*h - 3*k - 1, -11 = -5*h - 2*k + 5. Suppose h*v = 124 - 44. Calculate the greatest common divisor of 20 and v.
20
Let v be (2 + -1)*0/4. Suppose -2*c - 31 = 5*d - 106, -2*d + 3*c + 49 = v. Calculate the highest common divisor of d and 153.
17
Let v be ((-94)/6 + -2)*(-5 + 2). Calculate the greatest common divisor of 477 and v.
53
Let d be (-14)/(-28) + (-23)/(-2). What is the greatest common divisor of 18 and d?
6
Let s = 12 - 10. Suppose 9 - 3 = 5*g - s*l, 3*l = 3*g. What is the greatest common divisor of 2 and g?
2
Suppose 0 = k - 2*a - 3 + 7, -3*k - 5*a + 32 = 0. Suppose 4*z = o + 40, -k*z + 3*z + 4*o = 5. What is the highest common divisor of 55 and z?
11
Suppose d = 4*d - 2*q - 66, 5*d = 2*q + 110. Calculate the greatest common divisor of 22 and d.
22
Let c be (1 + 1)/(1/(-15)). Let v = -14 - c. Let g = 13 - 11. Calculate the greatest common divisor of v and g.
2
Suppose 0 = -4*w + 5*j + 141, -3*w + 4*w - j = 36. Suppose l - 17 = 4*u, -5*l + 3*u = -w - 46. What is the highest common divisor of l and 187?
17
Let w = 16 + 12. Let o(b) = 97*b**3 + b**2. Let p be o(1). Let q = p + -28. What is the greatest common factor of q and w?
14
Suppose -9*x + 6*x + 216 = 0. Let j = x - 43. Calculate the greatest common divisor of j and 58.
29
Let p be (12/(-7))/(2/(-133)). Let c = p + 121. Suppose -3*i + 4*s = -5*i + 230, -c = -2*i + s. What is the greatest common divisor of i and 13?
13
Let m(n) be the third derivative of 7*n**6/120 + n**5/60 + n**4/24 - n**3/2 + 4*n**2. Let s be m(3). Calculate the greatest common divisor of 22 and s.
22
Suppose -2 = -r, 4*g + 5*r - 24 = r. What is the greatest common factor of 12 and g?
4
Let s = 28 + -20. What is the greatest common factor of s and 128?
8
Suppose -85 = -3*w - g, 3*w + 0*g + 5*g - 101 = 0. Suppose 395 = 3*j + 2*j. Let f = j - w. Calculate the highest common divisor of f and 13.
13
Suppose -y = -5*x - 6*y + 165, -3*x - 2*y + 100 = 0. Calculate the greatest common divisor of 68 and x.
34
Suppose 0 = 5*r - 68 - 112. Calculate the greatest common factor of 54 and r.
18
Let h = -11 - -21. Let s be -4*4/(-12)*3. Calculate the highest common factor of s and h.
2
Let d = 37 - -27. Suppose z - 4*z - 27 = 0. Let o = -1 - z. Calculate the highest common factor of o and d.
8
Let j = -4 - -7. Suppose -2*f - j*f = -45. Let d be (f/(-2))/(3/(-88)). Calculate the greatest common factor of d and 12.
12
Let a(f) = -f + 5. Let g be a(-5). Suppose 0 = -m + 6*m - g. Suppose 2*t + m*u = 4, 2*u = 2*t - 3*t - 1. What is the highest common divisor of t and 15?
5
Suppose 3*v + 36 = 5*v - 2*f, -4*v = -f - 63. Calculate the greatest common factor of v and 150.
15
Let l(j) = -j**3 + 2*j**2 + 2. Let m be l(2). Let i(w) = -m + 15 - w + 6. Let c be i(9). Calculate the highest common divisor of c and 4.
2
Let l(n) = -27*n + 5. Suppose 0*r = r + 5. Let h be l(r). What is the highest common divisor of 20 and h?
20
Let v(w) = w + 5. Let l be v(0). Suppose l*s + 85 = 430. Let f be -2 + 25 + -2 + (-8)/(-4). What is the greatest common divisor of f and s?
23
Suppose -4*u + 649 = 209. Calculate the highest common divisor of 10 and u.
10
Let j be (32/(-8))/(1/((-5)/2)). Calculate the highest common divisor of j and 60.
10
Let j = -123 + 339. Suppose -l + 3*l - j = 0. Let c be 2/1 - 30/(-3). Calculate the greatest common factor of c and l.
12
Let o be (20/(-4) + 2)*-5. Suppose -2*l + o = l. What is the highest common factor of l and 35?
5
Let v be (0 + (-1)/(-3))*9. Let k(a) = -a**3 + 6*a**2 - 2*a. Let y be k(4). Calculate the highest common divisor of v and y.
3
Suppose 521 = 2*b - 5*p, -p = -5*b - 0*b + 1268. Suppose 0 = -4*q + 25 + 67. Calculate the highest common divisor of q and b.
23
Let t be (-1)/(-3) - 83/(-3). Let y be ((-48)/t)/(2/(-21)). What is the highest common divisor of y and 90?
18
Suppose 2*y + m - 4*m = -67, 3*m = y + 26. Let q = y - -73. Suppose 45 = 5*b - 35. Calculate the highest common divisor of q and b.
16
Let u = 12 + 8. Suppose 4*k = -k + u. What is the highest common divisor of k and 16?
4
Suppose -18*h = -16*h - 28. Calculate the greatest common factor of 14 and h.
14
Let l(w) = 4*w + 12. Let k be l(3). Calculate the highest common divisor of k and 12.
12
Let y be (-8)/(-1) - (-45)/15. Calculate the highest common divisor of y and 44.
11
Suppose -w - 2*v = -0*v + 1, 4 = 2*w - 2*v. Calculate the greatest common factor of w and 3.
1
Suppose 5*z - 6 - 1 = -4*a, -4 = -4*z - 4*a. Suppose -4*i + 64 = -z*i. Calculate the greatest common divisor of i and 8.
8
Suppose 3*c - 97 = -61. What is the highest common divisor of 60 and c?
12
Let u(s) = s**2 + 4*s + 7. Let o be u(5). Calculate the greatest common divisor of o and 26.
26
Let m = -2 - -7. Suppose l = p + 1, -l + 2*p = -3*p - m. Let o be 1 + l - (-90)/9. What is the greatest common divisor of 121 and o?
11
Suppose -5*m = -h - 10, 0 = -5*m - 6*h + 3*h + 10. Suppose 2*n = -n + 3. Let a be n/2 + 89/m. Calculate the highest common divisor of a and 18.
9
Let y be (-1)/5 - ((-279)/(-5))/(-9). What is the highest common divisor of y and 4?
2
Let j be (-195)/(2/(-16)*(-42)/(-7)). Suppose 2*x = 3*x - 26. What is the highest common divisor of x and j?
26
Let v be (4*(-2)/20)/(1/(-25)). What is the greatest common factor of v and 80?
10
Suppose 0 = 3*l - 4*l + 5*h + 53, 5*h + 20 = 0. Calculate the greatest common divisor of 22 and l.
11
Let u be (((-32)/(-28))/4 + -2)*-42. What is the greatest common factor of u and 9?
9
Let y(w) = -w**2 + 7*w - 6. Let t be y(6). Suppose -4*g = -t*g + 2*h - 150, h = 3*g - 105. What is the highest common divisor of g and 24?
12
Let d(y) = y**2 + 2*y - 6. Let r be d(4). What is the highest common divisor of r and 27?
9
Suppose 128 = -0*m + 4*m. Calculate the greatest common factor of 4 and m.
4
Let x(l) = -l**3 + 11*l**2 - 12*l - 3. Let h be x(9). Suppose 2*m = 5*v + 3, 0*m + 5*m - h = -2*v. What is the highest common divisor of m and 72?
9
Let i(a) = -a**3 - 9*a**2 - 12*a - 14. Let j be i(-8). What is the highest common factor of j and 27?
9
Let c(x) = -2*x + x + 2*x - 7*x**2 - 8*x - x**3 - 1. Let n be c(-6). Calculate the greatest common divisor of 25 and n.
5
Let z = -2 - -8. Let k = 8 - z. Let v be k/(-4) + 26/4. What is the highest common divisor of 18 and v?
6
Suppose t - r + 25 = -2*r, -5*t = -r + 155. Let w = 72 + t. Calculate the highest common factor of 63 and w.
21
Let u be 4/(-8)*2 - -64. Suppose -5*x + 0*o = 4*o + 1, 0 = 4*x + 2*o - 4. Let z be (2 - 0) + 21/x. Calculate the highest common factor of u and z.
9
Let a = -336 - -501. What is the greatest common factor of 15 and a?
15
Let n(a) = -11*a - 3. Let w be n(-1). Calculate the greatest common factor of 12 and w.
4
Let d(a) = a**3 - 9*a**2 + 10*a - 10. Let w be d(8). Let i = 3 + w. Calculate the highest common divisor of i and 90.
9
Suppose -5*g + 11 = 4*d - 2*d, -4*d + 2*g + 34 = 0. Suppose -2*y + 1 = -3. What is the greatest common factor of d and y?
2
Suppose 3*m - 4*q - 65 = 0, 5*m + 4*q = 2*q + 65. What is the greatest common factor of 165 and m?
15
Let g be ((-15)/(-9))/(4/12). Suppose 3*s - 31 = -2*h, -g*s - 4*h + 24 = -31. Calculate the greatest common divisor of 28 and s.
7
Let j = -2 - -5. Suppose j*p - 4*z = 445, 3*p - 2*z = -z + 433. Calculate the greatest common divisor of p and 13.
13
Suppose 7*i - 4*i = 504. Let g(t) = t**2 + 3*t + 3. Let f be g(-6). What is the greatest common factor of i and f?
21
Let p(h) = h**3 - 7*h**2 - h + 8. Let f be p(7). What is the greatest common factor of f and 5?
1
Let d be (10/4)/((-3)/(-6)). Suppose q + 1 = d. Calculate the highest common factor of 44 and q.
4
Suppose -276 = -5*p - 6. Suppose 2*m - m - 18 = 0. What is the greatest common divisor of p and m?
18
Let c(p) = -8*p. Let q be c(-1). Let a be (-6)/(-3)*q + -1. Calculate the highest common factor of a an